of z?
2, 2467
Let q(f) = 61*f**3 + f - 1. Let v be q(2). Suppose -p = 2*p - v. List the prime factors of p.
163
Suppose 5*k - 26*k + 622686 = 38*k. What are the prime factors of k?
2, 3, 1759
Let d = 20402 - 10373. What are the prime factors of d?
3, 3343
Let u(j) = -10*j**2 + 4*j - 7. Let o(d) = -10*d**2 + 5*d - 8. Let x(i) = -3*o(i) + 2*u(i). Let b be x(3). Suppose 81 = 5*k - b. What are the prime factors of k?
2
Suppose a = 2*r + 3*a + 1728, -3*r - 2612 = -a. What are the prime factors of (r/(-22))/(2/24)?
2, 3, 79
Let r = 759 - 394. Suppose -106*o = -107*o + r. List the prime factors of o.
5, 73
Suppose 3*p = -1499*f + 1494*f + 61327, 0 = 2*p + f - 40901. What are the prime factors of p?
2, 3, 7, 487
Suppose -544*n = -540*n + 3*m - 21043, -3*n = -4*m - 15776. List the prime factors of n.
2, 5, 263
Let h(f) = -24*f**3 - 1. Let b be h(-1). Let n = b - 21. Suppose -328 = -n*j + 5*l, 3*j - 3*l - 530 = -5*l. List the prime factors of j.
2, 3, 29
What are the prime factors of (-100387)/(-84) + 2*7/(-168)?
5, 239
Let s = 35 + -27. Let t = -9 - s. Let b(m) = -m**3 - 17*m**2 - 7*m - 25. List the prime factors of b(t).
2, 47
Suppose -4*i - 8*z + 12*z + 10344 = 0, -i = z - 2588. List the prime factors of i.
13, 199
Suppose 6*x - 27 = 4*x - 3*d, 5*x = -2*d + 73. List the prime factors of (-181656)/(-135) - 9/x.
5, 269
Suppose -1147713 = -57*o + 52777 - 174091. What are the prime factors of o?
11, 1637
Let z(q) = 11*q - 139. Let r be z(29). What are the prime factors of r/(-720) - (1 + (-2205)/4)?
2, 5, 11
Let p(n) = -2*n**3 + n**2 + 49*n + 32. List the prime factors of p(-13).
2, 1979
Let x(z) = -2*z - 15. Let w be x(-10). Let k be (-28)/35 + (-776)/w. Let f = k - -411. List the prime factors of f.
3, 5, 17
Suppose 3*z - 3*x + 13 = -5, -12 = -3*z - 3*x. List the prime factors of 1/2*z/(3/(-1572)).
2, 131
Let l(q) = -q**3 - q**2 + q + 61. Let z be l(0). Suppose -33 = -9*w + 8*w. Let n = z - w. List the prime factors of n.
2, 7
Let h(x) = x**2 + 3*x + 1036. Let o be h(0). Suppose 4*a - 4*t - 208 = o, 5*a = t + 1551. List the prime factors of a.
2, 5, 31
Let f(s) = 22*s**3 - 7*s**2 + s. Suppose 3*i - 7 = -1. Let j be f(i). Suppose -5*g - j + 8 = -3*t, 3*t + 4*g = 178. List the prime factors of t.
2, 3
Let k = -4 + 14. Let s(i) = 49*i - 153. Let u be s(3). What are the prime factors of u/k - (-2 + (-1136)/10)?
5, 23
Suppose 9*u - 34 = 11*u + 4*i, 3*u - i + 16 = 0. Let a(p) = 6*p**2 - 6*p - 24. What are the prime factors of a(u)?
2, 3, 13
Let m(p) = 5*p - 7. Let o be (7 + -8)/(3/(-144)). Let h = -43 + o. What are the prime factors of m(h)?
2, 3
List the prime factors of 1354/(-8)*(145248/(-864) + 3/27).
2, 3, 7, 677
Suppose 0 = 4*l + 2*v - 33126, -v - 18599 = -4*l + 14524. What are the prime factors of l?
7, 13
Let j be (-295779)/(-45) + (-12)/90*-1. Suppose 21*m - 4851 = j. List the prime factors of m.
2, 17
Let o(x) = -x**3 + 9*x**2 + 20*x + 27. Let g be o(11). Suppose 49*f + 2*k = 44*f + 2353, 0 = -f - g*k + 489. What are the prime factors of f?
7, 67
Let j = -3090 + 4002. What are the prime factors of j?
2, 3, 19
Let v(p) = -p**3 + 1. Let u(c) = 4*c**3 - 2*c**2 + 11*c - 25. Let j(q) = u(q) + 5*v(q). List the prime factors of j(-6).
2, 29
Suppose 0 = -3*j + h + 3656 + 13155, -5*h - 22444 = -4*j. List the prime factors of j.
3, 1867
Let r = -3909 + 6361. What are the prime factors of r?
2, 613
Let h(d) = 15*d**2 - 92*d + 4. List the prime factors of h(9).
17, 23
Let f = 455 - -233. Let m = -321 + f. What are the prime factors of m?
367
Let r(x) = -x + 4. Let q be r(3). Let t be q/((-6)/(-4)) + 3560/15. Let d = t - 123. What are the prime factors of d?
5, 23
Let m(y) = 39*y**2 + 21*y + 112. List the prime factors of m(-5).
2, 491
Let j(u) = -24*u - 8. Let f(m) = m**2 - 2*m. Let l be f(3). Suppose -q - 1 = -y, -q + 1 = -l*y - 0. What are the prime factors of j(q)?
2, 5
Suppose l - 7 = 1. Suppose 2*o - 2*n - l = -3*n, -3*o - 5*n = -5. Let u(w) = 22*w + 2. List the prime factors of u(o).
2, 7
Let k = 35 + -63. Let r be (-12)/108 - 4452/27. What are the prime factors of 12 - (k/(-15) - 22/r)?
2, 5
Let x be (-4)/(-6) + 619/3. Suppose -6*y + 6*f + 992 = -5*y, -2*f + 3838 = 4*y. Suppose -5*u - x = -y. What are the prime factors of u?
151
Let y be -8*(4/(-8))/1. Let m(a) be the second derivative of a**5/20 + 7*a**3/6 - 5*a**2/2 - 48*a. What are the prime factors of m(y)?
3, 29
Suppose 3*j + i - 6785 = -0*j, 0 = 2*j - 4*i - 4500. Suppose -53*o = -49*o - j. What are the prime factors of o?
5, 113
Let p be (3 - 4)/(-2 + (-14)/(-8)). Suppose -12 = -4*u + 2*v, -5*v + v = p*u. Suppose -3*g - 33 = -2*a, -u*g - 26 - 40 = -5*a. List the prime factors of a.
2, 3
Let s be (34 + -4)/6*(1 + -11). Suppose -5*f + 61 = -4*f - 2*i, -2*f + i = -119. Let y = s + f. List the prime factors of y.
3
Let d(j) = 16*j**2 - 15*j + 103. List the prime factors of d(30).
13, 23, 47
Suppose -32*k + 244273 + 88504 = -38935. List the prime factors of k.
2, 3, 11
Suppose -14*u + 5*q + 10980 = -10*u, 4*u = -2*q + 10980. Let l = u + -1611. List the prime factors of l.
2, 3, 7
Suppose 0 = 11*d - 483 + 461. Suppose -3*r + 6910 = -5*c + 10*c, -d*c + r = -2753. List the prime factors of c.
7, 197
Suppose -74*u - 47*u = -27*u - 1123770. What are the prime factors of u?
3, 5, 797
Let z(t) = -t**3 + 5*t**2 + 39*t - 22. Let g be z(9). Suppose 9*l - 5*l + 4351 = g*d, 3*d - 2612 = l. List the prime factors of d.
13, 67
Suppose -27*y + 47*y = 14620. Let l = y - 560. What are the prime factors of l?
3, 19
Let m(o) = 906*o**2 - 6*o + 13. List the prime factors of m(3).
29, 281
Let u(q) = 90*q + 4143. What are the prime factors of u(0)?
3, 1381
List the prime factors of -1108*15*(-7)/14 - (-14)/2.
8317
Suppose 2*a + 25 = 27, 0 = 5*f - 4*a - 2271. List the prime factors of f.
5, 7, 13
Let q(d) = 24*d**2 - 22*d + 173. What are the prime factors of q(-18)?
5, 1669
Let w(s) be the third derivative of -5*s**4/2 + 7*s**3/2 + 40*s**2. What are the prime factors of w(-9)?
3, 11, 17
Let u = 18 + -8. Let z(y) = -2 - 77*y + 12 - 1 + 86*y. List the prime factors of z(u).
3, 11
Let h = 20 - 70. Let v = h - -52. Suppose v*r - 102 = -r. List the prime factors of r.
2, 17
Let l = 216 + -214. What are the prime factors of (7 + -4)/((-1985)/995 + l)?
3, 199
Let q = 25580 - 7616. List the prime factors of q.
2, 3, 499
Let b be 1*(1 + -3) - 5. Let o(n) = -n + n**2 - 142 + 64 - 5*n + 64. What are the prime factors of o(b)?
7, 11
Let l = -457 + 15022. List the prime factors of l.
3, 5, 971
Let t(n) = 15*n - 106. Let d be t(7). Let z(r) = -353*r**3 - r + 1. What are the prime factors of z(d)?
5, 71
Let i = -332 + 131. Let x = 449 + i. List the prime factors of x.
2, 31
Let u be (-2 + (-1)/(-2))*98/(-21). Suppose 0 = -v - u*v + 408. List the prime factors of v.
3, 17
Suppose 5*n + k = n - 48, 5*k = 0. Let q = -201 + 197. What are the prime factors of (1060/3)/2 + q/n?
3, 59
Let i be 11 + (12/16)/(2/8). Suppose -845 = -4*v + 5*c, 0 = -v - i*c + 13*c + 200. List the prime factors of v.
5, 41
Suppose -34209 - 649323 = -70*t + 1257078. List the prime factors of t.
3, 9241
Suppose -5*k - 71563 = 3*g - 280834, 2*g - 41857 = -k. List the prime factors of k.
3, 7, 1993
Let h = 71622 - 49330. List the prime factors of h.
2, 5573
Let x = 39782 - 14999. List the prime factors of x.
3, 11, 751
Let h(y) be the third derivative of y**5/12 - 3*y**4/8 + 3*y**3/2 - 2*y**2 + 36. What are the prime factors of h(-5)?
179
Let p = -11108 + 12968. What are the prime factors of p?
2, 3, 5, 31
Let w(h) be the second derivative of -15*h + 5/6*h**3 + 1/12*h**4 + 0 - 6*h**2. What are the prime factors of w(10)?
2, 3, 23
Let m(c) = 8*c**2 - 11*c + 29223. List the prime factors of m(0).
3, 17, 191
Suppose -4*g + 15 = -9. Suppose 0 = -0*a + g*a - 318. List the prime factors of a.
53
Let p(k) = -16*k + 89. Let z be p(-12). Let a = z + -225. List the prime factors of a.
2, 7
List the prime factors of (-6 + (-2240)/(-15))*((-9)/9 - -169).
2, 5, 7, 43
Suppose -27 = -5*w + 43. Let k(o) = 58 - 13*o + w + 11*o. List the prime factors of k(23).
2, 13
Let t(v) = -v**3 - 4*v**2 + 6*v + 9. Suppose 0 = 5*k - 4*p + 29, -k - p + 0 - 4 = 0. Let s be t(k). List the prime factors of s*(-1 + 222/4).
2, 109
Let x = -262 - -276. Let k(u) = 13*u + 80. List the prime factors of k(x)